der when 160 is divided by 144?
16
Calculate the remainder when 315 is divided by 23.
16
Calculate the remainder when 7594 is divided by 42.
34
Calculate the remainder when 808 is divided by 169.
132
What is the remainder when 1542 is divided by 193?
191
What is the remainder when 1390 is divided by 275?
15
Calculate the remainder when 653 is divided by 208.
29
What is the remainder when 2021 is divided by 46?
43
Calculate the remainder when 681 is divided by 9.
6
What is the remainder when 4823 is divided by 4?
3
What is the remainder when 54 is divided by 4?
2
What is the remainder when 750 is divided by 45?
30
Calculate the remainder when 646 is divided by 329.
317
Calculate the remainder when 898 is divided by 17.
14
Calculate the remainder when 378 is divided by 91.
14
Calculate the remainder when 458 is divided by 66.
62
Calculate the remainder when 12653 is divided by 19.
18
What is the remainder when 731 is divided by 148?
139
Calculate the remainder when 20 is divided by 6.
2
Calculate the remainder when 1272 is divided by 14.
12
What is the remainder when 187 is divided by 55?
22
Calculate the remainder when 241 is divided by 117.
7
Calculate the remainder when 57 is divided by 27.
3
What is the remainder when 1198 is divided by 24?
22
What is the remainder when 187 is divided by 110?
77
What is the remainder when 5247 is divided by 125?
122
What is the remainder when 61 is divided by 24?
13
What is the remainder when 2476 is divided by 36?
28
Calculate the remainder when 364 is divided by 118.
10
What is the remainder when 510 is divided by 9?
6
Calculate the remainder when 112 is divided by 29.
25
Calculate the remainder when 3899 is divided by 50.
49
Calculate the remainder when 774 is divided by 52.
46
What is the remainder when 14 is divided by 5?
4
Calculate the remainder when 141 is divided by 54.
33
Calculate the remainder when 78 is divided by 10.
8
Calculate the remainder when 44 is divided by 14.
2
Calculate the remainder when 3379 is divided by 1689.
1
What is the remainder when 103 is divided by 62?
41
What is the remainder when 360 is divided by 92?
84
What is the remainder when 53 is divided by 11?
9
Calculate the remainder when 1918 is divided by 31.
27
What is the remainder when 169 is divided by 112?
57
Calculate the remainder when 839 is divided by 97.
63
Calculate the remainder when 284 is divided by 22.
20
What is the remainder when 277 is divided by 109?
59
Calculate the remainder when 53156 is divided by 53.
50
What is the remainder when 250 is divided by 3?
1
Calculate the remainder when 74 is divided by 15.
14
What is the remainder when 669 is divided by 96?
93
What is the remainder when 1930 is divided by 5?
0
Calculate the remainder when 910 is divided by 225.
10
Calculate the remainder when 253 is divided by 16.
13
What is the remainder when 19 is divided by 11?
8
Calculate the remainder when 883 is divided by 206.
59
What is the remainder when 141 is divided by 41?
18
Calculate the remainder when 245 is divided by 40.
5
What is the remainder when 382 is divided by 4?
2
What is the remainder when 119 is divided by 60?
59
Calculate the remainder when 2191 is divided by 51.
49
Calculate the remainder when 20 is divided by 14.
6
Calculate the remainder when 8 is divided by 3.
2
What is the remainder when 39185 is divided by 194?
191
What is the remainder when 20 is divided by 13?
7
Calculate the remainder when 160 is divided by 15.
10
What is the remainder when 751 is divided by 23?
15
Calculate the remainder when 1583 is divided by 72.
71
What is the remainder when 2725 is divided by 88?
85
Calculate the remainder when 67 is divided by 8.
3
What is the remainder when 407 is divided by 134?
5
Calculate the remainder when 1667 is divided by 829.
9
What is the remainder when 8470 is divided by 18?
10
Calculate the remainder when 1558 is divided by 52.
50
Calculate the remainder when 61 is divided by 13.
9
What is the remainder when 95 is divided by 2?
1
What is the remainder when 1769 is divided by 21?
5
What is the remainder when 600 is divided by 55?
50
What is the remainder when 31 is divided by 19?
12
Calculate the remainder when 2334 is divided by 34.
22
What is the remainder when 175 is divided by 9?
4
What is the remainder when 292 is divided by 56?
12
Calculate the remainder when 752 is divided by 27.
23
What is the remainder when 1019 is divided by 60?
59
What is the remainder when 604 is divided by 8?
4
Calculate the remainder when 94 is divided by 2.
0
What is the remainder when 325 is divided by 85?
70
What is the remainder when 94 is divided by 11?
6
Calculate the remainder when 174 is divided by 26.
18
Calculate the remainder when 288 is divided by 139.
10
What is the remainder when 338 is divided by 95?
53
What is the remainder when 4338 is divided by 615?
33
Calculate the remainder when 9672 is divided by 569.
568
Calculate the remainder when 1163 is divided by 45.
38
Calculate the remainder when 474 is divided by 37.
30
What is the remainder when 608 is divided by 47?
44
Calculate the remainder when 180 is divided by 93.
87
Calculate the remainder when 2185 is divided by 725.
10
What is the remainder when 65 is divided by 58?
7
Calculate the remainder when 574 is divided by 25.
24
Calculate the remainder when 4439 is divided by 369.
11
What is the remainder when 529 is divided by 247?
35
What is the remainder when 260 is divided by 77?
29
What is the remainder when 2099 is divided by 63?
20
Calculate the remainder when 1241 is divided by 405.
26
What is the remainder when 20316 is divided by 160?
156
Calculate the remainder when 209 is divided by 105.
104
What is the remainder when 322 is divided by 231?
91
Calculate the remainder when 124 is divided by 47.
30
Calculate the remainder when 185 is divided by 112.
73
What is the remainder when 105 is divided by 6?
3
What is the remainder when 1555 is divided by 38?
35
Calculate the remainder when 1990 is divided by 972.
46
What is the remainder when 1614 is divided by 77?
74
Calculate the remainder when 954 is divided by 6.
0
Calculate the remainder when 1306 is divided by 11.
8
What is the remainder when 392 is divided by 25?
17
What is the remainder when 70 is divided by 59?
11
What is the remainder when 267 is divided by 8?
3
Calculate the remainder when 1016 is divided by 82.
32
What is the remainder when 2662 is divided by 2645?
17
What is the remainder when 657 is divided by 11?
8
Calculate the remainder when 198 is divided by 27.
9
What is the remainder when 1600 is divided by 25?
0
Calculate the remainder when 1635 is divided by 117.
114
Calculate the remainder when 192 is divided by 7.
3
Calculate the remainder when 4223 is divided by 88.
87
Calculate the remainder when 3541 is divided by 46.
45
What is the remainder when 135 is divided by 6?
3
Calculate the remainder when 689 is divided by 9.
5
What is the remainder when 375 is divided by 77?
67
What is the remainder when 74 is divided by 49?
25
What is the remainder when 1768 is divided by 77?
74
What is the remainder when 70 is divided by 18?
16
Calculate the remainder when 1339 is divided by 38.
9
Calculate the remainder when 131 is divided by 30.
11
What is the remainder when 93 is divided by 8?
5
What is the remainder when 223 is divided by 38?
33
Calculate the remainder when 1329 is divided by 220.
9
What is the remainder when 256 is divided by 52?
48
Calculate the remainder when 69 is divided by 12.
9
Calculate the remainder when 385 is divided by 72.
25
What is the remainder when 2172 is divided by 9?
3
Calculate the remainder when 127 is divided by 125.
2
Calculate the remainder when 328 is divided by 97.
37
What is the remainder when 45 is divided by 17?
11
What is the remainder when 800 is divided by 11?
8
Calculate the remainder when 275 is divided by 39.
2
What is the remainder when 1227 is divided by 8?
3
Calculate the remainder when 849 is divided by 25.
24
Calculate the remainder when 183 is divided by 27.
21
Calculate the remainder when 61 is divided by 3.
1
Calculate the remainder when 1107 is divided by 277.
276
Calculate the remainder when 475 is divided by 80.
75
What is the remainder when 246 is divided by 10?
6
What is the remainder when 33 is divided by 12?
9